(b) = -2864*b + 182. Let j be l(-12). Let u = -13311 + j. Is u a prime number?
False
Let f(i) = -2*i**3 - 4*i**2 - 3*i - 7. Let j be f(-3). Let y = j + 43. Let x = 132 - y. Is x a composite number?
True
Let v be (6/18)/((-2)/(-30)). Suppose -v*w - 796 + 10031 = 0. Is w composite?
False
Let v(i) = 225*i - 219. Let d be v(40). Suppose d = 19*b - 16*b. Is b a prime number?
True
Let i(p) = -20*p**2 - p + 3. Let u be i(-2). Let t = -85 - u. Is (-16372)/t - (2/10 - 0) composite?
False
Is ((-20)/50)/(-4 - -7) + 880667/15 composite?
False
Let j = -15 + 20. Suppose 2654 = 3*i - j*s - 99, -5*s - 20 = 0. Is i composite?
False
Let z(b) = b**3 - 9*b**2 - 9*b + 12. Suppose -5*k + 35 + 15 = 0. Let s be z(k). Suppose -s - 17 = -n. Is n composite?
True
Is -26 + 661361 - (7/21 + 5/3) a prime number?
False
Let b = 38 + 119. Suppose -2*c - 13*y + 7*y + 204 = 0, 4*c = -3*y + 372. Let m = b - c. Is m a composite number?
False
Let v be 144390/(-24) + 1/4. Suppose -1975 + 36651 = 4*s. Let w = s + v. Is w a prime number?
False
Let l be 16/(-56) - (-6630)/(-21). Let x = l - -177. Let o = -84 - x. Is o prime?
False
Is (-8 - -2) + -8 + 8427 + 6 a prime number?
True
Let g(d) = -3945*d + 2476. Is g(-3) composite?
True
Suppose -4*k = -18*k + 2*k + 745428. Is k composite?
False
Let b be (-5)/(15/(-66))*(-4 + 3). Is 1/(b/4) + (-20895)/(-33) a composite number?
True
Suppose 2*j - 359345 = b, -3*j + 227*b = 224*b - 539028. Is j prime?
False
Suppose 13*h - 17*h - 72 = -i, -73 = 3*h + 4*i. Let r(d) = -2021*d + 114. Is r(h) prime?
False
Let q(x) = x**3 - 35*x**2 + 12*x - 114. Let j be q(35). Let k = 4015 - j. Is k a composite number?
False
Let p(v) be the third derivative of v**6/60 - 3*v**5/4 + 19*v**4/24 - 49*v**3/6 - 6*v**2 + 1. Is p(35) a prime number?
False
Let j be (5 + -2)*(-4 + (-30)/(-9)). Is (2 - -2)*(j - 9541/(-4)) prime?
True
Suppose 6*p + 121808 = 4*c, 4*c + 135*p - 138*p - 121802 = 0. Is c prime?
True
Let w be -1181*(4/(-42) + 6545/(-735)). Suppose 72*z - 67*z = o - 10625, o - 4*z - w = 0. Is o composite?
True
Suppose 568*z = 565*z + 10281. Is z a composite number?
True
Let g(d) = -5961*d - 265. Is g(-8) a prime number?
False
Suppose -9*y - 20 = -29. Is -13 + 8 + (y - -2709) a composite number?
True
Let h(z) = 3*z**3 - 336*z**2 + 176*z + 57. Is h(122) a composite number?
False
Let p = -59 + 55. Let v(b) = 6*b + 10. Let c be v(p). Is ((-2253)/9)/(2 - c/(-6)) prime?
True
Suppose 0 = 14*f - 15*f + 36. Let r = f - 35. Is r/(3/9*9/1473) a prime number?
True
Suppose -96*f + 118313 = b - 98*f, -6 = -3*f. Is b a composite number?
True
Let l be ((-1800)/(-108))/(842/420 + -2). Suppose 2*i + 96 = -n + l, 2*i - 5*n = 3416. Is i prime?
False
Let r = 293552 - 121876. Suppose -26*h + r = 27194. Is h prime?
True
Let g(a) = a**2 + a - 12. Let o be g(3). Suppose o*v + v + 11463 = 4*k, 2*k - 4*v = 5714. Is k prime?
False
Suppose 2*z + 30 = 5*h, 9*z = 4*z + 3*h - 56. Let k be 922/z*(-60)/4. Suppose 287 = 2*b - k. Is b a prime number?
False
Suppose 5 = 5*g - 4*g. Let r be -3*g/(-5)*1. Suppose 6*s = 4*b + 3*s - 1157, 15 = r*s. Is b a composite number?
False
Is 2873875/14 + (-609)/(-2842) composite?
True
Suppose 5*s + 25 = 0, 5*q + 21*s - 20*s - 8199170 = 0. Is q a prime number?
False
Suppose 0 = 3*t + b - 271041, -t + 148466 - 58119 = 4*b. Is t prime?
False
Suppose -4*o + 72 = 16. Suppose -3*p = -4*r - r - 17, -2*r = 4*p - o. Suppose p*q - 455 = 101. Is q composite?
False
Let p(y) = -79*y + 134. Let h(z) = -14*z - 17. Let m be h(0). Is p(m) composite?
True
Is (-10282390)/(-270) + ((-8)/(-27))/4 a prime number?
True
Suppose 8 - 14 = 6*l. Is l + 14 + 5391 + -1*1 prime?
False
Let u(k) = 236*k**2 + 43*k - 17. Let m be u(7). Suppose 125*f - m = 117*f. Is f composite?
False
Let q(l) = 44*l**2 - 11*l - 15. Let g be q(-14). Let i = 12511 - g. Let f = i - 1767. Is f a prime number?
False
Is -5 - (-3 - 90580 - (-12 + 8 - -9)) a composite number?
False
Let o(y) = 11*y**3 - 3*y**2 + 2*y - 1. Suppose 0 = m - 2*m + 38. Let i = m + -36. Is o(i) a prime number?
True
Let s(v) = 90*v**2 + 18*v + 19. Suppose 6*z - 72 = 12*z. Is s(z) a composite number?
False
Let x = -39 + 39. Suppose x = -s + 2 + 1. Suppose 5*a + 328 = s*z, 5*z + a - 772 = -244. Is z a prime number?
False
Suppose 0 = -11*x + 1195 - 95. Let v = x - 94. Is (-2)/v - ((-16912)/3)/4 prime?
True
Suppose k + 0*k + u = 218784, 1093910 = 5*k - 5*u. Is k a composite number?
False
Let g be (-2)/(-2)*(-2)/10*0. Suppose 3*b - 5*x - 1196 = 0, g = x + 3*x - 20. Suppose -5*t - 4*c = -1384 - b, -3*t = -c - 1078. Is t a prime number?
True
Let v(g) = g**3 - 13*g**2 + 13*g - 11. Let c be v(12). Let a be (-1 + c - (-3 - 148))*123. Suppose a - 6974 = 7*o. Is o composite?
False
Let v be ((-20)/(-1))/((-3)/(-69)). Let g be 24/32 + (-36)/(-16). Suppose g*r + r - v = 0. Is r prime?
False
Suppose 13*b = 3*n + 10*b - 967170, -2*n + 5*b + 644759 = 0. Is n composite?
False
Suppose 233613 = 25*u + 93038. Is u composite?
False
Let m(g) be the third derivative of -g**6/60 + g**5/20 + 5*g**4/24 - 14*g**3/3 - 65*g**2. Is m(-11) a prime number?
False
Is (783735/60)/(75/(-20) - -4) prime?
True
Suppose 33*f - 1961287 = 391712. Is f prime?
False
Let g be (2 + (2 - 3))*-46. Let n = g - -50. Suppose -3199 = -n*y - 4*i + 3017, 2*y = -5*i + 3093. Is y a composite number?
False
Let p = 1169 + -762. Is p a composite number?
True
Let x = 6843 - 3530. Suppose -10*p - 3007 = x. Let k = 1305 + p. Is k a composite number?
False
Let x = -519778 - -883881. Is x prime?
True
Let t = 513881 + -23614. Is t a composite number?
False
Let z = -342 + 348. Suppose 44015 = z*a - 7387. Is a a composite number?
True
Let s be (-1298)/(-44)*1*2. Suppose -s*r = -57*r - 10. Suppose 0 = r*i + 15, 2*i + 3830 = 4*n + 4*i. Is n composite?
True
Let q be (-4)/(-3) + (-2)/6. Let g be 9/6*2/5*10. Is (3/(g/307))/(q/2) a composite number?
False
Let j be (-4 - (5 - 3))*88/(-2). Suppose -1724 = -4*r - j. Is r a composite number?
True
Suppose 85 = 3*x - 5*n - 627, 2*n = x - 237. Let h = 62 + x. Is h a composite number?
True
Let w = -18258 + 540709. Is w composite?
True
Suppose -3*m - 217084 = -o, -115*o + 118*o - 2*m = 651217. Is o a prime number?
True
Suppose -2*w = -6*w + 12, -3*u - 4*w + 1191831 = 0. Is u prime?
False
Let i(q) = -41*q**3 + 5*q**2 - 8*q + 15. Let s(c) = -c**2 + 9*c - 25. Let y be s(5). Is i(y) a prime number?
False
Let i(v) = -2*v**2 - 6*v - 3. Let t be i(-2). Is (0/t + 2342)*(-21)/(-14) a prime number?
False
Suppose -10*g + 3 = -7*g, 4*f - 47 = g. Suppose -46973 + 17465 = -f*d. Is d prime?
True
Let j(h) = h**3 - 13*h**2 - 30*h + 6. Let d be j(15). Is ((-10)/(-15))/(d/14031) a composite number?
False
Let w(t) = 6*t**3 + 3*t**2 - 5*t + 5. Let f = -41 + 45. Suppose 4*y + 5*d + 22 = 5, f*d = -20. Is w(y) prime?
False
Let t = 76301 - 22678. Is t composite?
False
Let a(k) = -16*k - 102. Let g be a(-6). Is (-7)/(126/g)*3453 composite?
False
Let w = 71307 + -27928. Is w prime?
False
Is (-27)/81 + 979768/12 a composite number?
False
Let y(w) = w**3 + 28*w**2 + 9*w - 47. Let g(u) = 3*u. Let v be g(-5). Is y(v) a prime number?
False
Let w(s) = 5302*s**2 - 12*s - 19. Let x be w(-2). Is 2*(x/(-6))/(-3) prime?
True
Let u = 14 + -12. Suppose 2*a - 3*i = 536, a + 76 = u*i + 345. Is a composite?
True
Let c = 77 + -55. Let t be 66/(-99)*(-1 - 4970). Suppose -24*q = -c*q - t. Is q prime?
True
Suppose -5*n + 1339 = -4701. Suppose -5*f = -4*s + n - 102, 5*f + 4*s + 1114 = 0. Let h = -28 - f. Is h a composite number?
True
Suppose 11*l = 3*l - 64. Let y be (-15)/2*(828/15 - l). Let i = 887 - y. Is i a composite number?
False
Let t(y) = 73*y**2 - 4*y - 7*y + 19*y**2 + 2*y. Let i be t(4). Suppose 462 = -2*u + i. Is u composite?
False
Suppose 160*l - 41738 = -2*c + 157*l, -3*l - 83476 = -4*c. Is c prime?
False
Let s(g) be the third derivative of g**5/60 - 19*g**4/24 + 4*g**3/3 - 31*g**2. Let t be s(22). Suppose 2*f - 12 = t. Is f composite?
False
Suppose 18645 = 5*c - 5*d, 6*c + 4*d = 7*c - 3735. Suppose -3*l + c = -4*j, 3*l + 4*j - 3767 = -0*l. Is l prime?
True
Suppose -256*b + 262*b = 119526. Is b a prime number?
False
Let r(b) = b + 4. Let k be r(-4). Let w be ((-8)/14*-11)/((-4)/4060*-10). Suppose k*n + n - 632 = -5*o, -n - 3*o + w = 0. Is n composite?
False
Let f be (-7)/14*(-3 + 5). Is 0 + f - (-760 - (0 + 4)) com